omposite number?
False
Is 47546 prime?
False
Is 170081 prime?
True
Is 511369 prime?
False
Is 640499 composite?
False
Is 20914 composite?
True
Is 6433 prime?
False
Is 676723 prime?
False
Is 11819 a composite number?
True
Is 176629 prime?
True
Is 148091 a prime number?
True
Is 3341 a composite number?
True
Is 5003 composite?
False
Is 200891 prime?
True
Is 54479 prime?
False
Is 3244951 a prime number?
True
Is 83813 a composite number?
False
Is 23531 prime?
True
Is 17761 a composite number?
False
Is 3137 prime?
True
Is 331481 a composite number?
True
Is 53353 a prime number?
True
Is 7669 prime?
True
Is 103333 a composite number?
False
Is 166983 composite?
True
Is 443 a prime number?
True
Is 56359 a prime number?
True
Is 67679 a composite number?
False
Is 3251 composite?
False
Is 6349 a composite number?
True
Is 47407 composite?
False
Is 38953 a prime number?
True
Is 21467 a composite number?
False
Is 64669 prime?
False
Is 1763 a prime number?
False
Is 141829 a composite number?
False
Is 66221 a composite number?
False
Is 922 composite?
True
Is 110342 a prime number?
False
Is 3271 a prime number?
True
Is 2843 a prime number?
True
Is 1449647 a composite number?
False
Is 1071419 a prime number?
True
Is 4709 composite?
True
Is 76207 a composite number?
False
Is 388991 composite?
False
Is 14909 a composite number?
True
Is 1069 composite?
False
Is 18947 prime?
True
Is 13259 prime?
True
Is 11015 composite?
True
Is 500083 a composite number?
False
Is 12449 composite?
True
Is 356077 a composite number?
False
Is 32117 prime?
True
Is 18587 composite?
False
Is 4141 prime?
False
Is 134933 a composite number?
True
Is 99321 a composite number?
True
Is 1817 prime?
False
Is 12071 composite?
False
Is 160501 a composite number?
True
Is 199021 a composite number?
False
Is 21055 a composite number?
True
Is 202281 a prime number?
False
Is 65371 a prime number?
True
Is 272893 prime?
False
Is 30449 a prime number?
True
Is 199337 prime?
True
Is 83911 a prime number?
True
Is 402889 composite?
True
Is 1793 a composite number?
True
Is 7789 a prime number?
True
Is 217823 composite?
False
Is 22663 composite?
True
Is 2186 a composite number?
True
Is 13589 a prime number?
False
Is 312989 a composite number?
False
Is 136301 prime?
False
Is 941 a prime number?
True
Is 138617 a prime number?
True
Is 1036307 a prime number?
True
Is 741641 a composite number?
False
Is 260849 a prime number?
True
Is 2777 prime?
True
Is 4242539 a prime number?
False
Is 21449 a prime number?
False
Is 3650887 a composite number?
False
Is 281283 a prime number?
False
Is 22403 a composite number?
True
Is 33851 a prime number?
True
Is 99331 prime?
False
Is 106823 a composite number?
False
Is 6689 prime?
True
Is 68777 prime?
True
Is 158177 a prime number?
False
Is 10063 a composite number?
True
Is 1073441 a composite number?
False
Is 4487 a prime number?
False
Is 828587 composite?
False
Is 160807 composite?
False
Is 139 prime?
True
Is 282143 a composite number?
False
Is 223 a composite number?
False
Is 7993 a prime number?
True
Is 257731 a prime number?
True
Is 20987 a prime number?
False
Is 177343 a prime number?
False
Is 1269641 a prime number?
True
Is 14521 a prime number?
False
Is 45995 composite?
True
Is 21865 prime?
False
Is 22469 composite?
False
Is 1352957 prime?
True
Is 3499 a composite number?
False
Is 1517695 prime?
False
Is 15571 prime?
False
Is 255527 prime?
False
Is 101777 a prime number?
False
Is 1361 a prime number?
True
Is 1243111 composite?
False
Is 35285 composite?
True
Is 2153 a prime number?
True
Is 55429 composite?
True
Is 39409 prime?
True
Is 63419 prime?
True
Is 106089 a prime number?
False
Is 15601 a composite number?
False
Is 1967 a composite number?
True
Is 71501 a prime number?
False
Is 23703 composite?
True
Is 1973 a prime number?
True
Is 315509 a composite number?
True
Is 8383 a composite number?
True
Is 236377 a prime number?
True
Is 7235 a prime number?
False
Is 2309 a prime number?
True
Is 71387 prime?
True
Is 129782 a prime number?
False
Is 7349 prime?
True
Is 24763 prime?
True
Is 2687521 a composite number?
False
Is 13483 composite?
True
Is 53657 a prime number?
True
Is 3221137 prime?
True
Is 369743 composite?
True
Is 4133761 a prime number?
True
Is 109867 a composite number?
True
Is 536813 composite?
True
Is 235645 composite?
True
Is 115963 a prime number?
True
Is 509461 prime?
False
Is 45134 composite?
True
Is 428693 a prime number?
True
Is 17729 composite?
False
Is 1550747 a composite number?
True
Is 178643 a composite number?
False
Is 211427 prime?
True
Is 63197 a composite number?
False
Is 3410611 prime?
True
Is 390913 a composite number?
True
Is 22693 a composite number?
True
Is 41267 a prime number?
False
Is 214121 prime?
False
Is 2833 composite?
False
Is 19031 composite?
False
Is 556211 prime?
True
Is 529213 prime?
True
Is 725501 a composite number?
True
Is 108391 prime?
False
Is 59159 a composite number?
False
Is 11537 a prime number?
False
Is 22739 composite?
False
Is 200227 prime?
True
Is 85049 a prime number?
True
Is 26473 prime?
False
Is 125459 composite?
True
Is 641 prime?
True
Is 3079 composite?
False
Is 18839 a composite number?
False
Is 12889 prime?
True
Is 386887 composite?
False
Is 26 a composite number?
True
Is 25693 composite?
False
Is 1524259 a composite number?
True
Is 35023 prime?
True
Is 81053 composite?
True
Is 17211 prime?
False
Is 305341 prime?
False
Is 394046 a composite number?
True
Is 100999 prime?
True
Is 8944691 a composite number?
True
Is 2631 a prime number?
False
Is 7121 composite?
False
Is 215893 a composite number?
False
Is 45281 a composite number?
False
Is 103099 a prime number?
True
Is 150743 composite?
False
Is 16886 composite?
True
Is 109333 composite?
True
Is 2219 composite?
True
Is 73493 a composite number?
True
Is 8033 a prime number?
False
Is 353099 a prime number?
True
Is 229193 a composite number?
True
Is 1682329 composite?
True
Is 1144927 composite?
True
Is 74687 a composite number?
False
Is 22291 a composite number?
False
Is 14767 a composite number?
False
Is 35201 a composite number?
False
Is 62663 composite?
True
Is 22337 a composite number?
True
Is 248917 a prime number?
False
Is 1409335 composite?
True
Is 1361 composite?
False
Is 68557 composite?
True
Is 673 composite?
False
Is 578353 a composite number?
False
Is 4037 prime?
False
Is 34459 prime?
False
Is 37423 prime?
True
Is 107021 a prime number?
True
Is 1710505 a composite number?
True
Is 817 a prime number?
False
Is 205079 composite?
True
Is 170497 composite?
False
Is 70723 a prime number?
False
Is 87473 prime?
True
Is 58031 a composite number?
False
Is 72445 a prime number?
False
Is 2081 composite?
False
Is 36415 a prime number?
False
Is 466853 composite?
False
Is 23 a composite number?
False
Is 42953 composite?
False
Is 146513 prime?
True
Is 295 a composite number?
True
Is 921 a prime number?
False
Is 444579 composite?
True
Is 43133 a prime number?
True
Is 27329 a prime number?
True
Is 552889 a composite number?
True
Is 80299 composite?
True
Is 235615 prime?
False
Is 797 prime?
True
Is 9811 prime?
True
Is 257591 a prime number?
True
Is 967 a prime number?
True
Is 989441 a prime number?
True
Is 869 composite?
True
Is 81071 prime?
True
Is 869905 a prime number?
False
Is 1355 a prime number?
False
Is 18527 prime?
False
Is 10687 composite?
False
Is 3943 prime?
True
Is 131381 composite?
False
Is 3389 prime?
True
Is 34793 prime?
False
Is 5581 a prime number?
True
Is 541 a prime number?
True
Is 2909 a composite number?
False
Is 33037 prime?
True
Is 153817 a prime number?
True
Is 52339 a composite number?
True
Is 1331619 a composite number?
True
Is 2963 a prime number?
True
Is 112459 a composite number?
False
Is 2676259 a prime number?
False
Is 3295 prime?
False
Is 20861 a composite number?
True
Is 2978429 prime?
True
Is 11549 prime?
True
Is 118387 composite?
False
Is 47491 prime?
True
Is 162511 a composite number?
True
Is 41047 prime?
True
Is 195989 composite?
True
Is 216259 prime?
True
Is 55501 prime?
True
Is 441421 a prime number?
True
Is 399851 a composite number?
False
Is 8761 a composite number?
False
Is 5801 a composite number?
False
Is 16547 composite?
False
Is 4897 a prime number?
False
Is 235453 prime?
False
Is 4667 composite?
True
Is 10427 prime?
True
Is 9